n divisor of 46 and 8119.
23
Calculate the greatest common factor of 1376 and 64.
32
Calculate the greatest common divisor of 101 and 2727.
101
Calculate the greatest common factor of 32 and 904.
8
Calculate the highest common factor of 80 and 208.
16
What is the greatest common factor of 70 and 427?
7
Calculate the greatest common divisor of 4237 and 19.
19
Calculate the highest common factor of 399 and 63.
21
Calculate the greatest common divisor of 68 and 289.
17
What is the greatest common divisor of 1023 and 759?
33
Calculate the greatest common divisor of 4112 and 16.
16
What is the highest common factor of 270 and 675?
135
What is the highest common factor of 98 and 30282?
98
Calculate the highest common factor of 24 and 600.
24
Calculate the highest common factor of 44 and 396.
44
What is the greatest common divisor of 16 and 156?
4
What is the greatest common divisor of 14 and 182?
14
Calculate the greatest common divisor of 342 and 380.
38
Calculate the highest common factor of 737 and 201.
67
What is the highest common factor of 72 and 54?
18
Calculate the highest common divisor of 66 and 82.
2
What is the highest common divisor of 1 and 202?
1
What is the greatest common factor of 12 and 48?
12
Calculate the highest common divisor of 43 and 8299.
43
Calculate the greatest common factor of 78 and 819.
39
Calculate the greatest common factor of 1606 and 77.
11
What is the highest common factor of 15 and 7?
1
Calculate the greatest common divisor of 7 and 1631.
7
Calculate the greatest common factor of 180 and 324.
36
What is the greatest common divisor of 3149 and 67?
67
What is the greatest common factor of 2176 and 160?
32
What is the highest common factor of 24 and 896?
8
What is the highest common divisor of 99 and 627?
33
Calculate the greatest common divisor of 158 and 19750.
158
Calculate the greatest common divisor of 31 and 1.
1
Calculate the highest common divisor of 2821 and 91.
91
What is the greatest common divisor of 7850 and 25?
25
What is the highest common factor of 134 and 871?
67
Calculate the highest common factor of 42 and 210.
42
What is the highest common factor of 39 and 403?
13
Calculate the highest common factor of 45164 and 28.
28
What is the greatest common divisor of 2900 and 125?
25
Calculate the highest common divisor of 364 and 91.
91
Calculate the greatest common divisor of 4 and 2.
2
What is the greatest common divisor of 75 and 15?
15
What is the greatest common divisor of 896 and 42?
14
What is the highest common factor of 5 and 5080?
5
What is the highest common factor of 24 and 708?
12
Calculate the greatest common factor of 909 and 101.
101
What is the highest common divisor of 29 and 87?
29
What is the greatest common factor of 377 and 221?
13
Calculate the greatest common factor of 575 and 92.
23
What is the greatest common factor of 1485 and 385?
55
Calculate the highest common divisor of 37 and 6253.
37
What is the greatest common factor of 62 and 8494?
62
What is the greatest common factor of 889 and 21?
7
What is the greatest common factor of 133 and 38?
19
What is the highest common factor of 603 and 268?
67
What is the greatest common divisor of 170 and 119?
17
Calculate the greatest common divisor of 195 and 39.
39
Calculate the greatest common divisor of 104 and 64.
8
Calculate the greatest common factor of 10 and 165.
5
Calculate the greatest common divisor of 24 and 1176.
24
What is the greatest common factor of 1910 and 20?
10
What is the highest common divisor of 16423 and 11?
11
What is the greatest common divisor of 48505 and 218?
109
Calculate the greatest common divisor of 84 and 63.
21
What is the highest common divisor of 31192 and 56?
56
What is the greatest common divisor of 195 and 7293?
39
What is the highest common divisor of 5429 and 89?
89
Calculate the highest common factor of 510 and 3230.
170
Calculate the highest common factor of 46 and 2392.
46
What is the greatest common divisor of 52 and 64?
4
Calculate the greatest common factor of 459 and 6783.
51
Calculate the highest common factor of 1827 and 18.
9
Calculate the highest common factor of 1100 and 980.
20
Calculate the highest common factor of 47 and 235.
47
What is the greatest common factor of 9 and 25?
1
Calculate the highest common factor of 158 and 1027.
79
Calculate the highest common divisor of 5607 and 42.
21
What is the highest common factor of 117 and 8073?
117
What is the greatest common divisor of 108 and 524?
4
What is the greatest common divisor of 126 and 1323?
63
Calculate the highest common factor of 45 and 20.
5
What is the greatest common factor of 31 and 93?
31
What is the highest common divisor of 99 and 9?
9
What is the highest common factor of 72 and 32?
8
What is the greatest common factor of 16 and 348?
4
Calculate the highest common divisor of 99 and 9.
9
Calculate the greatest common divisor of 36 and 1593.
9
What is the highest common divisor of 3818 and 184?
46
What is the greatest common factor of 42 and 66?
6
Calculate the greatest common factor of 75 and 15325.
25
What is the greatest common divisor of 3149 and 47?
47
What is the highest common divisor of 30 and 30?
30
What is the highest common factor of 1349 and 38?
19
Calculate the greatest common divisor of 29 and 5191.
29
What is the highest common factor of 400 and 130?
10
Calculate the highest common factor of 20 and 90.
10
What is the highest common factor of 205 and 5?
5
Calculate the highest common divisor of 19 and 95.
19
Calculate the highest common factor of 1134 and 1071.
63
Calculate the greatest common divisor of 280 and 119.
7
Calculate the highest common factor of 8 and 2404.
4
Calculate the highest common factor of 1703 and 2489.
131
Calculate the greatest common divisor of 94 and 6063.
47
Calculate the greatest common factor of 49 and 1.
1
What is the greatest common divisor of 31 and 496?
31
What is the highest common factor of 1 and 143?
1
What is the highest common divisor of 390 and 270?
30
What is the greatest common factor of 273 and 117?
39
Calculate the highest common factor of 22 and 198.
22
Calculate the highest common factor of 2790 and 1260.
90
What is the highest common divisor of 16459 and 151?
151
Calculate the greatest common factor of 106 and 689.
53
What is the highest common factor of 216 and 2424?
24
Calculate the greatest common divisor of 1100 and 2700.
100
Calculate the greatest common divisor of 76 and 114.
38
Calculate the greatest common factor of 147 and 833.
49
What is the greatest common divisor of 29083 and 687?
229
What is the highest common factor of 14 and 2198?
14
What is the greatest common divisor of 1542 and 12?
6
What is the greatest common divisor of 1850 and 74?
74
Calculate the greatest common divisor of 1313 and 26.
13
What is the greatest common factor of 6 and 606?
6
What is the highest common factor of 1482 and 5694?
78
What is the greatest common factor of 525 and 25?
25
What is the highest common divisor of 17 and 6341?
17
What is the highest common divisor of 350 and 35?
35
What is the greatest common factor of 225 and 25?
25
Calculate the greatest common divisor of 287 and 469.
7
What is the greatest common factor of 135 and 90?
45
Calculate the highest common factor of 7986 and 440.
22
What is the greatest common factor of 17290 and 182?
182
What is the highest common divisor of 880 and 50?
10
Calculate the greatest common factor of 53 and 901.
53
What is the highest common factor of 1248 and 80?
16
Calculate the highest common factor of 52 and 208.
52
Calculate the greatest common factor of 22 and 37862.
22
Calculate the greatest common factor of 18 and 81.
9
Calculate the highest common divisor of 9 and 1125.
9
What is the highest common divisor of 75 and 39?
3
Calculate the greatest common divisor of 374 and 34.
34
What is the greatest common factor of 71 and 497?
71
Calculate the highest common factor of 40 and 3350.
10
Calculate the greatest common factor of 38 and 893.
19
Calculate the highest common divisor of 799 and 34.
17
What is the highest common divisor of 1161 and 1763?
43
What is the highest common divisor of 120 and 470?
10
Calculate the greatest common factor of 161 and 21.
7
Calculate the highest common factor of 128 and 80.
16
Calculate